{"id":11373,"date":"2024-05-23T15:03:18","date_gmt":"2024-05-23T14:03:18","guid":{"rendered":"https:\/\/www.onbsi.it\/?post_type=ufaq&#038;p=11373"},"modified":"2024-06-10T16:25:31","modified_gmt":"2024-06-10T15:25:31","slug":"article-28-mobilite-dentreprise","status":"publish","type":"ufaq","link":"https:\/\/www.onbsi.it\/fr\/ufaq\/article-28-mobilite-dentreprise\/","title":{"rendered":"Article 28 &#8211; Mobilit\u00e9 d&rsquo;entreprise"},"content":{"rendered":"<style>.ewd-ufaq-post-margin-symbol { color: #0c2753 !important; }div.ewd-ufaq-faq-title h4 { color: #0c2753 !important; }div.ewd-ufaq-faq-post p { margin: 0 0 20px 0 !important; }label.ewd-ufaq-field-label {font-size:18px; font-weight:bold;}\r\n\r\ndiv.ewd-ufaq-faq-post p {\r\n    margin: 0 !important;\r\n}\r\n\r\n@media screen and (min-width: 768px) {\r\n.ewd-ufaq-text-input {\r\n    margin: 0 !important;\r\n    padding: 12px 30px 12px 12px !important;\r\nwidth:300px;\r\nfont-size:16px;\r\n}\r\n}\r\n\r\n.ewd-ufaq-text-input, .clear-field.slide-in, \r\n.clear-field.slide-out {border:none;}\r\n.clear-field {font-size:20px; font-weigh:bold;}\r\n\r\n#ewd-ufaq-jquery-ajax-search .search-field .ewd-ufaq-text-input {\r\nbackground: #f4f4f4;\r\npadding:10px !important;\r\n}\r\n\r\n.ewd-ufaq-faq-div {\r\n    margin: 0 0 20px 0 !important;\r\n    padding: 10px  !important;;\r\n    clear: both;\r\n    background: #f4f4f4;\r\n    border: 1px solid #d9d9d9;\r\n}\r\n\r\n#ewd-ufaq-jquery-ajax-search {border-bottom:1px solid #333333 !important; margin-bottom:30px;}\r\n\r\n.ewd-ufaq-faq-title h1, .ewd-ufaq-faq-title h2, .ewd-ufaq-faq-title h3, .ewd-ufaq-faq-title h4, .ewd-ufaq-faq-title h5, .ewd-ufaq-faq-title h6 {\r\n    display: inline-block;\r\n    margin: 0 !important;\r\npadding:0 !important;\r\nfont-weight:bold !important;\r\n}\r\n\r\n@media screen and (max-width: 320px) {\r\n.ewd-ufaq-faq-title h1, .ewd-ufaq-faq-title h2, .ewd-ufaq-faq-title h3, .ewd-ufaq-faq-title h4, .ewd-ufaq-faq-title h5, .ewd-ufaq-faq-title h6 {\r\n font-size:12px;\r\n}\r\n.ewd-ufaq-faq-title .ewd-ufaq-post-margin-symbol span {\r\n    display: inline-block;\r\n    font-size: 20px !important;\r\n    margin: 0 auto;\r\n}\r\n.ewd-ufaq-faq-body {\r\n    padding: 10px 0px !important;\r\n}\r\n.ewd-ufaq-faq-title-text {\r\n    width: 100% !important;\r\n}\r\n#ewd-ufaq-jquery-ajax-search .search-field {\r\n    display: inline-block;\r\n    margin: 15px 0px !important;\r\n    position: relative;\r\n}\r\n.ewd-ufaq-text-input {\r\n    margin: 0 !important;\r\n    padding: 12px 30px 12px 12px !important;\r\nwidth:250px;\r\n}\r\n}\r\n\r\n\r\n<\/style><div  class=\"ewd-ufaq-faq-list ewd-ufaq-page-type-infinite_scroll ewd-ufaq-category-tabs-\" id='ewd-ufaq-faq-list'>\n\n\t<input type='hidden' name='show_on_load' value='' id='ewd-ufaq-show-on-load' \/>\n<input type='hidden' name='include_category' value='' id='ewd-ufaq-include-category' \/>\n<input type='hidden' name='exclude_category' value='' id='ewd-ufaq-exclude-category' \/>\n<input type='hidden' name='orderby' value='date' id='ewd-ufaq-orderby' \/>\n<input type='hidden' name='order' value='asc' id='ewd-ufaq-order' \/>\n<input type='hidden' name='post_count' value='-1' id='ewd-ufaq-post-count' \/>\n<input type='hidden' name='current_url' value='\/fr\/wp-json\/wp\/v2\/ufaq\/11373' id='ewd-ufaq-current-url' \/>\n\t\n\t\n\t<div class='ewd-ufaq-faqs'>\n\n\t\t<div  class=\"ewd-ufaq-faq-div ewd-ufaq-faq-column-count-one ewd-ufaq-faq-responsive-columns- ewd-ufaq-faq-display-style-default ewd-ufaq-can-be-toggled\" id='ewd-ufaq-post-11373-21wz5ynBcI' data-post_id='11373'>\n\n\t\t\n\t<div class='ewd-ufaq-faq-title ewd-ufaq-faq-toggle'>\n\t\n\t<a class='ewd-ufaq-post-margin'  href='#' role=\"button\">\n\n\t\t<div class='ewd-ufaq-post-margin-symbol ewd-ufaq-'>\n\t\t\t<span >B<\/span>\n\t\t<\/div>\n\n\t\t<div class='ewd-ufaq-faq-title-text'>\n\n\t\t\t<h4>\n\t\t\t\tArticle 28 &#8211; Mobilit\u00e9 d&rsquo;entreprise\t\t\t<\/h4>\n\n\t\t<\/div>\n\n\t\t<div class='ewd-ufaq-clear'><\/div>\n\n\t<\/a>\n\t\n<\/div>\n\t\n\t<div class='ewd-ufaq-faq-body' >\n\n\t\t\n\t\t\t\n\t\t\n\t\t\t<div class='ewd-ufaq-post-margin ewd-ufaq-faq-post'>\n\t\n<p>Les mesures de variation d\u00e9finitive du ou des postes habituels de travail, dans le cadre communal, ne peuvent intervenir que pour des raisons d\u2019organisation technique et de production et doivent \u00eatre communiqu\u00e9es au travailleur concern\u00e9 et simultan\u00e9ment aux Repr\u00e9sentations Syndicales Unique ou, si elles ne sont pas encore constitu\u00e9es, aux Repr\u00e9sentations Syndicales d\u2019Entreprise.<\/p>\n<\/div>\n\t\t\n\t\t\t\n\t\t\n\t\t\t\n\t\t\n\t\t\t\n\t\t\n\t\t\t\n\t\t\n\t\t\t\n\t\t\n\t\t\t\n\t\t\n\t\t\t\n\t\t\n\t\t\t<div class='ewd-ufaq-back-to-top'>\n\t\n\t<a class='ewd-ufaq-back-to-top-link'>\n\t\tRetour en haut\t<\/a>\n\n<\/div>\n\t\t\n\t<\/div>\n\n<\/div>\n\t<\/div>\n\n\t\n<\/div>","protected":false},"excerpt":{"rendered":"<p>B Article 28 &#8211; Mobilit\u00e9 d&rsquo;entreprise Les mesures de variation d\u00e9finitive du ou des postes habituels de travail, dans le cadre communal, ne peuvent intervenir que pour des raisons d\u2019organisation technique et de production et doivent \u00eatre communiqu\u00e9es au travailleur concern\u00e9 et simultan\u00e9ment aux Repr\u00e9sentations Syndicales Unique ou, si elles ne sont pas encore constitu\u00e9es, [&hellip;]<\/p>\n","protected":false},"author":1,"comment_status":"open","ping_status":"closed","template":"","ufaq-category":[110],"ufaq-tag":[],"class_list":["post-11373","ufaq","type-ufaq","status-publish","hentry","ufaq-category-convention-collective-nationale-pour-le-personnel-employe-par-des-entreprises-fournissant-des-services-de-nettoyage-et-des-services-integres-multiservices"],"yoast_head":"<!-- This site is optimized with the Yoast SEO plugin v25.9 - https:\/\/yoast.com\/wordpress\/plugins\/seo\/ -->\n<title>Article 28 - Mobilit\u00e9 d&#039;entreprise - ONBSI - Organismo nazionale bilaterale di settore per il personale dipendente da imprese esercenti di pulizia e servizi integrati\/multiservizi<\/title>\n<meta name=\"robots\" content=\"index, follow, max-snippet:-1, max-image-preview:large, max-video-preview:-1\" \/>\n<link rel=\"canonical\" href=\"https:\/\/www.onbsi.it\/ufaq\/articolo-28-mobilita-aziendale\/\" \/>\n<meta property=\"og:locale\" content=\"fr_FR\" \/>\n<meta property=\"og:type\" content=\"article\" \/>\n<meta property=\"og:title\" content=\"Article 28 - Mobilit\u00e9 d&#039;entreprise - ONBSI - Organismo nazionale bilaterale di settore per il personale dipendente da imprese esercenti di pulizia e servizi integrati\/multiservizi\" \/>\n<meta property=\"og:description\" content=\"B Article 28 &#8211; Mobilit\u00e9 d&rsquo;entreprise Les mesures de variation d\u00e9finitive du ou des postes habituels de travail, dans le cadre communal, ne peuvent intervenir que pour des raisons d\u2019organisation technique et de production et doivent \u00eatre communiqu\u00e9es au travailleur concern\u00e9 et simultan\u00e9ment aux Repr\u00e9sentations Syndicales Unique ou, si elles ne sont pas encore constitu\u00e9es, [&hellip;]\" \/>\n<meta property=\"og:url\" content=\"https:\/\/www.onbsi.it\/ufaq\/articolo-28-mobilita-aziendale\/\" \/>\n<meta property=\"og:site_name\" content=\"ONBSI - Organismo nazionale bilaterale di settore per il personale dipendente da imprese esercenti di pulizia e servizi integrati\/multiservizi\" \/>\n<meta property=\"article:modified_time\" content=\"2024-06-10T15:25:31+00:00\" \/>\n<meta name=\"twitter:card\" content=\"summary_large_image\" \/>\n<meta name=\"twitter:label1\" content=\"Dur\u00e9e de lecture estim\u00e9e\" \/>\n\t<meta name=\"twitter:data1\" content=\"1 minute\" \/>\n<script type=\"application\/ld+json\" class=\"yoast-schema-graph\">{\"@context\":\"https:\/\/schema.org\",\"@graph\":[{\"@type\":\"WebPage\",\"@id\":\"https:\/\/www.onbsi.it\/ufaq\/articolo-28-mobilita-aziendale\/\",\"url\":\"https:\/\/www.onbsi.it\/ufaq\/articolo-28-mobilita-aziendale\/\",\"name\":\"Article 28 - Mobilit\u00e9 d'entreprise - ONBSI - Organismo nazionale bilaterale di settore per il personale dipendente da imprese esercenti di pulizia e servizi integrati\/multiservizi\",\"isPartOf\":{\"@id\":\"https:\/\/www.onbsi.it\/#website\"},\"datePublished\":\"2024-05-23T14:03:18+00:00\",\"dateModified\":\"2024-06-10T15:25:31+00:00\",\"breadcrumb\":{\"@id\":\"https:\/\/www.onbsi.it\/ufaq\/articolo-28-mobilita-aziendale\/#breadcrumb\"},\"inLanguage\":\"fr-FR\",\"potentialAction\":[{\"@type\":\"ReadAction\",\"target\":[\"https:\/\/www.onbsi.it\/ufaq\/articolo-28-mobilita-aziendale\/\"]}]},{\"@type\":\"BreadcrumbList\",\"@id\":\"https:\/\/www.onbsi.it\/ufaq\/articolo-28-mobilita-aziendale\/#breadcrumb\",\"itemListElement\":[{\"@type\":\"ListItem\",\"position\":1,\"name\":\"Home\",\"item\":\"https:\/\/www.onbsi.it\/\"},{\"@type\":\"ListItem\",\"position\":2,\"name\":\"FAQs\",\"item\":\"https:\/\/www.onbsi.it\/ufaq\/\"},{\"@type\":\"ListItem\",\"position\":3,\"name\":\"Article 28 &#8211; Mobilit\u00e9 d&#8217;entreprise\"}]},{\"@type\":\"WebSite\",\"@id\":\"https:\/\/www.onbsi.it\/#website\",\"url\":\"https:\/\/www.onbsi.it\/\",\"name\":\"ONBSI - Organismo nazionale bilaterale di settore per il personale dipendente da imprese esercenti di pulizia e servizi integrati\/multiservizi\",\"description\":\"Organismo nazionale bilaterale di settore per il personale dipendente da imprese esercenti di pulizia e servizi integrati\/multiservizi\",\"potentialAction\":[{\"@type\":\"SearchAction\",\"target\":{\"@type\":\"EntryPoint\",\"urlTemplate\":\"https:\/\/www.onbsi.it\/?s={search_term_string}\"},\"query-input\":{\"@type\":\"PropertyValueSpecification\",\"valueRequired\":true,\"valueName\":\"search_term_string\"}}],\"inLanguage\":\"fr-FR\"}]}<\/script>\n<!-- \/ Yoast SEO plugin. -->","yoast_head_json":{"title":"Article 28 - Mobilit\u00e9 d'entreprise - ONBSI - Organismo nazionale bilaterale di settore per il personale dipendente da imprese esercenti di pulizia e servizi integrati\/multiservizi","robots":{"index":"index","follow":"follow","max-snippet":"max-snippet:-1","max-image-preview":"max-image-preview:large","max-video-preview":"max-video-preview:-1"},"canonical":"https:\/\/www.onbsi.it\/ufaq\/articolo-28-mobilita-aziendale\/","og_locale":"fr_FR","og_type":"article","og_title":"Article 28 - Mobilit\u00e9 d'entreprise - ONBSI - Organismo nazionale bilaterale di settore per il personale dipendente da imprese esercenti di pulizia e servizi integrati\/multiservizi","og_description":"B Article 28 &#8211; Mobilit\u00e9 d&rsquo;entreprise Les mesures de variation d\u00e9finitive du ou des postes habituels de travail, dans le cadre communal, ne peuvent intervenir que pour des raisons d\u2019organisation technique et de production et doivent \u00eatre communiqu\u00e9es au travailleur concern\u00e9 et simultan\u00e9ment aux Repr\u00e9sentations Syndicales Unique ou, si elles ne sont pas encore constitu\u00e9es, [&hellip;]","og_url":"https:\/\/www.onbsi.it\/ufaq\/articolo-28-mobilita-aziendale\/","og_site_name":"ONBSI - Organismo nazionale bilaterale di settore per il personale dipendente da imprese esercenti di pulizia e servizi integrati\/multiservizi","article_modified_time":"2024-06-10T15:25:31+00:00","twitter_card":"summary_large_image","twitter_misc":{"Dur\u00e9e de lecture estim\u00e9e":"1 minute"},"schema":{"@context":"https:\/\/schema.org","@graph":[{"@type":"WebPage","@id":"https:\/\/www.onbsi.it\/ufaq\/articolo-28-mobilita-aziendale\/","url":"https:\/\/www.onbsi.it\/ufaq\/articolo-28-mobilita-aziendale\/","name":"Article 28 - Mobilit\u00e9 d'entreprise - ONBSI - Organismo nazionale bilaterale di settore per il personale dipendente da imprese esercenti di pulizia e servizi integrati\/multiservizi","isPartOf":{"@id":"https:\/\/www.onbsi.it\/#website"},"datePublished":"2024-05-23T14:03:18+00:00","dateModified":"2024-06-10T15:25:31+00:00","breadcrumb":{"@id":"https:\/\/www.onbsi.it\/ufaq\/articolo-28-mobilita-aziendale\/#breadcrumb"},"inLanguage":"fr-FR","potentialAction":[{"@type":"ReadAction","target":["https:\/\/www.onbsi.it\/ufaq\/articolo-28-mobilita-aziendale\/"]}]},{"@type":"BreadcrumbList","@id":"https:\/\/www.onbsi.it\/ufaq\/articolo-28-mobilita-aziendale\/#breadcrumb","itemListElement":[{"@type":"ListItem","position":1,"name":"Home","item":"https:\/\/www.onbsi.it\/"},{"@type":"ListItem","position":2,"name":"FAQs","item":"https:\/\/www.onbsi.it\/ufaq\/"},{"@type":"ListItem","position":3,"name":"Article 28 &#8211; Mobilit\u00e9 d&#8217;entreprise"}]},{"@type":"WebSite","@id":"https:\/\/www.onbsi.it\/#website","url":"https:\/\/www.onbsi.it\/","name":"ONBSI - Organismo nazionale bilaterale di settore per il personale dipendente da imprese esercenti di pulizia e servizi integrati\/multiservizi","description":"Organismo nazionale bilaterale di settore per il personale dipendente da imprese esercenti di pulizia e servizi integrati\/multiservizi","potentialAction":[{"@type":"SearchAction","target":{"@type":"EntryPoint","urlTemplate":"https:\/\/www.onbsi.it\/?s={search_term_string}"},"query-input":{"@type":"PropertyValueSpecification","valueRequired":true,"valueName":"search_term_string"}}],"inLanguage":"fr-FR"}]}},"_links":{"self":[{"href":"https:\/\/www.onbsi.it\/fr\/wp-json\/wp\/v2\/ufaq\/11373","targetHints":{"allow":["GET"]}}],"collection":[{"href":"https:\/\/www.onbsi.it\/fr\/wp-json\/wp\/v2\/ufaq"}],"about":[{"href":"https:\/\/www.onbsi.it\/fr\/wp-json\/wp\/v2\/types\/ufaq"}],"author":[{"embeddable":true,"href":"https:\/\/www.onbsi.it\/fr\/wp-json\/wp\/v2\/users\/1"}],"replies":[{"embeddable":true,"href":"https:\/\/www.onbsi.it\/fr\/wp-json\/wp\/v2\/comments?post=11373"}],"wp:attachment":[{"href":"https:\/\/www.onbsi.it\/fr\/wp-json\/wp\/v2\/media?parent=11373"}],"wp:term":[{"taxonomy":"ufaq-category","embeddable":true,"href":"https:\/\/www.onbsi.it\/fr\/wp-json\/wp\/v2\/ufaq-category?post=11373"},{"taxonomy":"ufaq-tag","embeddable":true,"href":"https:\/\/www.onbsi.it\/fr\/wp-json\/wp\/v2\/ufaq-tag?post=11373"}],"curies":[{"name":"wp","href":"https:\/\/api.w.org\/{rel}","templated":true}]}}

Article 28 &#8211; Mobilité d&rsquo;entreprise

<style>.ewd-ufaq-post-margin-symbol { color: #0c2753 !important; }div.ewd-ufaq-faq-title h4 { color: #0c2753 !important; }div.ewd-ufaq-faq-post p { margin: 0 0 20px 0 !important; }label.ewd-ufaq-field-label {font-size:18px; font-weight:bold;}

div.ewd-ufaq-faq-post p {
    margin: 0 !important;
}

@media screen and (min-width: 768px) {
.ewd-ufaq-text-input {
    margin: 0 !important;
    padding: 12px 30px 12px 12px !important;
width:300px;
font-size:16px;
}
}

.ewd-ufaq-text-input, .clear-field.slide-in, 
.clear-field.slide-out {border:none;}
.clear-field {font-size:20px; font-weigh:bold;}

#ewd-ufaq-jquery-ajax-search .search-field .ewd-ufaq-text-input {
background: #f4f4f4;
padding:10px !important;
}

.ewd-ufaq-faq-div {
    margin: 0 0 20px 0 !important;
    padding: 10px  !important;;
    clear: both;
    background: #f4f4f4;
    border: 1px solid #d9d9d9;
}

#ewd-ufaq-jquery-ajax-search {border-bottom:1px solid #333333 !important; margin-bottom:30px;}

.ewd-ufaq-faq-title h1, .ewd-ufaq-faq-title h2, .ewd-ufaq-faq-title h3, .ewd-ufaq-faq-title h4, .ewd-ufaq-faq-title h5, .ewd-ufaq-faq-title h6 {
    display: inline-block;
    margin: 0 !important;
padding:0 !important;
font-weight:bold !important;
}

@media screen and (max-width: 320px) {
.ewd-ufaq-faq-title h1, .ewd-ufaq-faq-title h2, .ewd-ufaq-faq-title h3, .ewd-ufaq-faq-title h4, .ewd-ufaq-faq-title h5, .ewd-ufaq-faq-title h6 {
 font-size:12px;
}
.ewd-ufaq-faq-title .ewd-ufaq-post-margin-symbol span {
    display: inline-block;
    font-size: 20px !important;
    margin: 0 auto;
}
.ewd-ufaq-faq-body {
    padding: 10px 0px !important;
}
.ewd-ufaq-faq-title-text {
    width: 100% !important;
}
#ewd-ufaq-jquery-ajax-search .search-field {
    display: inline-block;
    margin: 15px 0px !important;
    position: relative;
}
.ewd-ufaq-text-input {
    margin: 0 !important;
    padding: 12px 30px 12px 12px !important;
width:250px;
}
}


</style><div  class="ewd-ufaq-faq-list ewd-ufaq-page-type-infinite_scroll ewd-ufaq-category-tabs-" id='ewd-ufaq-faq-list'>

	<input type='hidden' name='show_on_load' value='' id='ewd-ufaq-show-on-load' />
<input type='hidden' name='include_category' value='' id='ewd-ufaq-include-category' />
<input type='hidden' name='exclude_category' value='' id='ewd-ufaq-exclude-category' />
<input type='hidden' name='orderby' value='date' id='ewd-ufaq-orderby' />
<input type='hidden' name='order' value='asc' id='ewd-ufaq-order' />
<input type='hidden' name='post_count' value='-1' id='ewd-ufaq-post-count' />
<input type='hidden' name='current_url' value='/fr/wp-json/wp/v2/ufaq/11373' id='ewd-ufaq-current-url' />
	
	
	<div class='ewd-ufaq-faqs'>

		<div  class="ewd-ufaq-faq-div ewd-ufaq-faq-column-count-one ewd-ufaq-faq-responsive-columns- ewd-ufaq-faq-display-style-default ewd-ufaq-can-be-toggled" id='ewd-ufaq-post-11373-21wz5ynBcI' data-post_id='11373'>

		
	<div class='ewd-ufaq-faq-title ewd-ufaq-faq-toggle'>
	
	<a class='ewd-ufaq-post-margin'  href='#' role="button">

		<div class='ewd-ufaq-post-margin-symbol ewd-ufaq-'>
			<span >B</span>
		</div>

		<div class='ewd-ufaq-faq-title-text'>

			<h4>
				Article 28 &#8211; Mobilité d&rsquo;entreprise			</h4>

		</div>

		<div class='ewd-ufaq-clear'></div>

	</a>
	
</div>
	
	<div class='ewd-ufaq-faq-body' >

		
			
		
			<div class='ewd-ufaq-post-margin ewd-ufaq-faq-post'>
	
<p>Les mesures de variation définitive du ou des postes habituels de travail, dans le cadre communal, ne peuvent intervenir que pour des raisons d’organisation technique et de production et doivent être communiquées au travailleur concerné et simultanément aux Représentations Syndicales Unique ou, si elles ne sont pas encore constituées, aux Représentations Syndicales d’Entreprise.</p>
</div>
		
			
		
			
		
			
		
			
		
			
		
			
		
			
		
			<div class='ewd-ufaq-back-to-top'>
	
	<a class='ewd-ufaq-back-to-top-link'>
		Retour en haut	</a>

</div>
		
	</div>

</div>
	</div>

	
</div>

<p>B Article 28 &#8211; Mobilité d&rsquo;entreprise Les mesures de variation définitive du ou des postes habituels de travail, dans le cadre communal, ne peuvent intervenir que pour des raisons d’organisation technique et de production et doivent être communiquées au travailleur concerné et simultanément aux Représentations Syndicales Unique ou, si elles ne sont pas encore constituées, [&hellip;]</p>

<!-- This site is optimized with the Yoast SEO plugin v25.9 - https://yoast.com/wordpress/plugins/seo/ -->
<title>Article 28 - Mobilité d&#039;entreprise - ONBSI - Organismo nazionale bilaterale di settore per il personale dipendente da imprese esercenti di pulizia e servizi integrati/multiservizi</title>
<meta name="robots" content="index, follow, max-snippet:-1, max-image-preview:large, max-video-preview:-1" />
<link rel="canonical" href="https://www.onbsi.it/ufaq/articolo-28-mobilita-aziendale/" />
<meta property="og:locale" content="fr_FR" />
<meta property="og:type" content="article" />
<meta property="og:title" content="Article 28 - Mobilité d&#039;entreprise - ONBSI - Organismo nazionale bilaterale di settore per il personale dipendente da imprese esercenti di pulizia e servizi integrati/multiservizi" />
<meta property="og:description" content="B Article 28 &#8211; Mobilité d&rsquo;entreprise Les mesures de variation définitive du ou des postes habituels de travail, dans le cadre communal, ne peuvent intervenir que pour des raisons d’organisation technique et de production et doivent être communiquées au travailleur concerné et simultanément aux Représentations Syndicales Unique ou, si elles ne sont pas encore constituées, [&hellip;]" />
<meta property="og:url" content="https://www.onbsi.it/ufaq/articolo-28-mobilita-aziendale/" />
<meta property="og:site_name" content="ONBSI - Organismo nazionale bilaterale di settore per il personale dipendente da imprese esercenti di pulizia e servizi integrati/multiservizi" />
<meta property="article:modified_time" content="2024-06-10T15:25:31+00:00" />
<meta name="twitter:card" content="summary_large_image" />
<meta name="twitter:label1" content="Durée de lecture estimée" />
	<meta name="twitter:data1" content="1 minute" />
<script type="application/ld+json" class="yoast-schema-graph">{"@context":"https://schema.org","@graph":[{"@type":"WebPage","@id":"https://www.onbsi.it/ufaq/articolo-28-mobilita-aziendale/","url":"https://www.onbsi.it/ufaq/articolo-28-mobilita-aziendale/","name":"Article 28 - Mobilité d'entreprise - ONBSI - Organismo nazionale bilaterale di settore per il personale dipendente da imprese esercenti di pulizia e servizi integrati/multiservizi","isPartOf":{"@id":"https://www.onbsi.it/#website"},"datePublished":"2024-05-23T14:03:18+00:00","dateModified":"2024-06-10T15:25:31+00:00","breadcrumb":{"@id":"https://www.onbsi.it/ufaq/articolo-28-mobilita-aziendale/#breadcrumb"},"inLanguage":"fr-FR","potentialAction":[{"@type":"ReadAction","target":["https://www.onbsi.it/ufaq/articolo-28-mobilita-aziendale/"]}]},{"@type":"BreadcrumbList","@id":"https://www.onbsi.it/ufaq/articolo-28-mobilita-aziendale/#breadcrumb","itemListElement":[{"@type":"ListItem","position":1,"name":"Home","item":"https://www.onbsi.it/"},{"@type":"ListItem","position":2,"name":"FAQs","item":"https://www.onbsi.it/ufaq/"},{"@type":"ListItem","position":3,"name":"Article 28 &#8211; Mobilité d&#8217;entreprise"}]},{"@type":"WebSite","@id":"https://www.onbsi.it/#website","url":"https://www.onbsi.it/","name":"ONBSI - Organismo nazionale bilaterale di settore per il personale dipendente da imprese esercenti di pulizia e servizi integrati/multiservizi","description":"Organismo nazionale bilaterale di settore per il personale dipendente da imprese esercenti di pulizia e servizi integrati/multiservizi","potentialAction":[{"@type":"SearchAction","target":{"@type":"EntryPoint","urlTemplate":"https://www.onbsi.it/?s={search_term_string}"},"query-input":{"@type":"PropertyValueSpecification","valueRequired":true,"valueName":"search_term_string"}}],"inLanguage":"fr-FR"}]}</script>
<!-- / Yoast SEO plugin. -->

Article 28 - Mobilité d'entreprise - ONBSI - Organismo nazionale bilaterale di settore per il personale dipendente da imprese esercenti di pulizia e servizi integrati/multiservizi

B Article 28 &#8211; Mobilité d&rsquo;entreprise Les mesures de variation définitive du ou des postes habituels de travail, dans le cadre communal, ne peuvent intervenir que pour des raisons d’organisation technique et de production et doivent être communiquées au travailleur concerné et simultanément aux Représentations Syndicales Unique ou, si elles ne sont pas encore constituées, [&hellip;]

Article 28 &#8211; Mobilité d&#8217;entreprise
